Let t = u + o. What is the greatest common divisor of t and 52?
13
Suppose 0 = -j - 2*j - 2*o + 49, 0 = j - 5*o - 39. Let y = -937 - -1032. What is the greatest common factor of j and y?
19
Suppose 0 = -4*f - 4, y = 2*y + 5*f - 39. Calculate the highest common divisor of y and 11.
11
Let d(o) be the second derivative of 23*o**4/12 + o**3/3 - 4*o**2 - 2*o. Let z be d(2). Calculate the highest common divisor of z and 22.
22
Let k be 61*5 + 28 + -28. Calculate the greatest common divisor of k and 122.
61
Let n be 153/(-6)*12/18. Let m(o) = -5*o + 6. Let d be m(n). Calculate the greatest common factor of d and 13.
13
Suppose 8*a - 9*a + 5 = 0. Suppose 2*j - 53 = 39. Suppose 14 + j = 4*w. Calculate the greatest common divisor of a and w.
5
Let y(r) = 3*r**2 - 3*r - 1. Let b be y(4). Let v = 1 - -2. Suppose 5*o - 59 = -v*w - 17, 4*w = 3*o + 56. What is the greatest common divisor of w and b?
7
Let l = 2 - -12. Let i(d) = -4*d**3 - 5*d - 11. Let c be i(-3). What is the highest common factor of l and c?
14
Let p(x) = -1 - 1 - x + 3. Let i be p(10). Let m be 27/(1*i/(-6)). What is the greatest common divisor of 90 and m?
18
Let v = -167 - -219. What is the greatest common factor of v and 117?
13
Suppose -3*f = -z - 24, 6*z + 8 = f + z. Suppose -134 = -5*a + 4*h, 5*h + 127 + f = 5*a. Let t = a - -2. Calculate the highest common factor of 140 and t.
28
Let n(k) = -16*k + 8. Let t be n(3). Let w = -25 - t. Calculate the highest common factor of 10 and w.
5
Suppose 0 = -6*n + 5*n + 14. Suppose 18 = 2*p - n. Calculate the highest common divisor of p and 40.
8
Suppose -5*s + 3*s + 2*g = -26, -3 = -g. Calculate the greatest common factor of 464 and s.
16
Suppose 4*j = -2*i + 22, 18*j - i + 26 = 23*j. What is the highest common divisor of j and 95?
5
Let d(v) = 96*v**2 + 145*v + 291. Let n be d(-2). Let s be (-42)/(-2)*5/3. What is the highest common divisor of n and s?
35
Suppose 0 = -2*g - w - 13, 13 + 17 = -5*g - 2*w. Let p be g/(-3 + 7)*-5. Suppose -4*a - p + 26 = m, 0 = 2*a. Calculate the greatest common divisor of m and 63.
21
Suppose 3255 - 5005 = -10*d. Calculate the greatest common factor of d and 325.
25
Suppose 2*i - 3*i + 99 = -o, -3*i + o = -303. Let a = i - 57. Let p be (18/(-7))/(2/(-14)). Calculate the greatest common divisor of p and a.
9
Suppose -426 = 11*i - 954. What is the greatest common factor of i and 384?
48
Let f = -4 - -8. Suppose 0 = 3*t - 12, f*d + 3*t - 32 = -2*t. Suppose 25 + 23 = d*w. Calculate the highest common divisor of w and 4.
4
Let i = -138 - -174. Let x(s) = -s**2 + 6*s - 3. Let u be x(5). Suppose u*y - 6 = 2. What is the highest common factor of i and y?
4
Let c(y) = y**2 + 5*y - 11. Let r be c(-7). Suppose -8 = -r*n - 2. What is the greatest common factor of 3 and n?
1
Suppose -5*r = -2*r - 9. Let i be 32/r*(3 - -6). Suppose 5*j - 361 = -3*s - 44, 3*j = 3*s + 195. Calculate the highest common factor of i and j.
32
Let g = 32 - 2. Suppose 2*q + 1 = -9, 3*i - 250 = 5*q. Calculate the greatest common factor of i and g.
15
Suppose 35*c - 7403 = 11462. Calculate the greatest common divisor of 11 and c.
11
Let w be 137/5 + (-2)/5. Let r = 132 + -129. Suppose d = -4*x + 92, -2*x + 5*d - r = -w. What is the greatest common divisor of x and 22?
22
Let v = 23 - 19. Let m be 9/(-3) - (-120)/v. What is the highest common factor of m and 27?
27
Let a(t) = -t + 0*t + 3*t + 8*t**2 - 1. Let q be a(3). Suppose 12*u + 503 - 587 = 0. Calculate the highest common factor of u and q.
7
Let j be (3/9)/(-3 + 24/9). Let r = 1 - j. What is the greatest common divisor of 7 and r?
1
Let v = 1274 - 832. Calculate the highest common factor of 26 and v.
26
Suppose 5*l - 10 - 5 = 0. Suppose l*t - 95 = 2*h, 4*h + 0*h = -3*t + 107. What is the greatest common factor of 22 and t?
11
Let h(p) = 3*p - 17. Let m be h(8). Let d be (-10)/(-35) + 5/m. What is the highest common divisor of 1 and d?
1
Let o(u) = -2*u**3 - 16*u**2 - 13*u + 19. Let g be o(-7). Calculate the greatest common divisor of 600 and g.
12
Suppose 2*g = -4*r + 7*g + 124, -3*r - 4*g = -62. Let u = r + -22. Suppose 3*q - 33 = 3. What is the greatest common divisor of u and q?
4
Let j be (-1 - -2)/((-24)/(-3192)). Calculate the greatest common factor of j and 76.
19
Suppose -5*n + 5*y + 1125 = 0, 3*y - 5 = 4. Suppose -2*o + 3*k - k + 160 = 0, 3*k - n = -3*o. Let s = o - -41. Calculate the highest common factor of 17 and s.
17
Let y(t) = 4*t - 20. Let m be y(16). Calculate the highest common divisor of 198 and m.
22
Let r = -655 + 751. Calculate the greatest common divisor of 84 and r.
12
Let f be 0 + -5 + 2 - 187. Let o = -120 - f. Suppose -7*c = -2*c - o. What is the highest common factor of 2 and c?
2
Let q(a) = -4*a + 14. Let f be q(-6). Calculate the greatest common divisor of f and 57.
19
Let f(c) = -7*c - 3. Let w be f(-1). Let g be -3 - -2*(-47)/(-2). What is the highest common divisor of w and g?
4
Let v = -268 + 274. Calculate the highest common divisor of v and 72.
6
Let f = -236 + 239. Suppose 5*c + 89 = 3*u, u - 4*c = 6*u - 173. What is the highest common divisor of f and u?
3
Suppose -5*b + 30 = 4*i, -b - i = -2*b - 3. What is the greatest common divisor of b and 64?
2
Let o be (-11)/44 - (-82)/8. Suppose s - 4*x = -2*s - o, 3*s - x = 2. Suppose -27 = w - s*w. Calculate the greatest common factor of w and 216.
27
Let j be ((0 - -3)/((-18)/12))/(-1). Let l be 0/((-1)/(2 + -1)). Suppose 0 = -l*i + 4*i - 8. What is the greatest common factor of j and i?
2
Suppose 0 = -5*v - 51*r + 50*r + 796, 0 = 5*v - 4*r - 816. What is the greatest common divisor of 48 and v?
16
Suppose w + 4*t = 2, -3*t + 38 = -w + 68. Suppose 3 + 15 = y. Calculate the highest common divisor of y and w.
18
Let n(m) = 3*m**2 - 2*m - 1. Let y be n(-1). Let j be (23 - 11)/(y/18). Calculate the greatest common factor of j and 135.
27
Suppose 4*x = -8 - 4. Let w = x + 43. What is the greatest common factor of w and 10?
10
Let j(t) = 6*t - 12. Let w be j(5). Suppose m + 6 - w = 0. Let i be (1 - 2)*1 + 37. Calculate the highest common factor of m and i.
12
Let q(i) = -i**2 + 8*i - 8. Let f be q(6). Suppose 4*c - 2*s - 3*s = 85, -f*c + 2*s + 82 = 0. What is the greatest common divisor of c and 40?
20
Let s(d) = -d + 33. Let r be s(22). Suppose r*x = 288 + 152. What is the greatest common factor of 5 and x?
5
Suppose -10*f + 6*f + r = -21, 3*r - 9 = 0. What is the greatest common factor of f and 14?
2
Let i = 46 - 43. Suppose -4*b + 2*u - 1 = -11, -i = -3*u. What is the highest common factor of b and 27?
3
Suppose -2700 = 15*i - 21*i. Suppose 9*a - 11*a = -100. What is the greatest common factor of a and i?
50
Suppose 21*r = 24*r + 204. Let i = r - -73. What is the highest common divisor of 55 and i?
5
Suppose -27 - 48 = -5*i. Let v(d) = 10*d - 5. Let u be v(2). What is the highest common divisor of i and u?
15
Let d(m) = -13*m + 286. Let g be d(20). Calculate the highest common factor of 7 and g.
1
Suppose -30 = -16*u + 14*u. Let o = 35 - u. Calculate the highest common divisor of 8 and o.
4
Suppose 0 = c + 4*n - 660, -7*n = -2*c - 3*n + 1320. Calculate the highest common factor of 15 and c.
15
Suppose 11*b + 2*a = 16*b - 714, 3*b + 2*a = 438. Calculate the greatest common factor of 320 and b.
16
Let k = -406 - -527. What is the greatest common factor of k and 11?
11
Let o be 3 - (-5 + -1)/(-3) - -587. What is the highest common factor of o and 84?
84
Let q(u) = u**2 + 2*u - 45. Let c be q(8). What is the greatest common divisor of c and 63?
7
Suppose -4 = 2*o + 2*l, 5*o - l + 6 = -2*l. Let j be (o + 17)*3 - 3. Let i(d) = d**2 + d - 1. Let f be i(2). Calculate the highest common divisor of j and f.
5
Let l be -132 - (3 + 0 + -2). Let a = l - -159. What is the highest common factor of 78 and a?
26
Suppose -1 = -5*q + 4. Suppose 289*l - 292*l + 33 = 0. Calculate the greatest common divisor of l and q.
1
Let p(m) = -m - 7. Let b(n) = n**2 + 12*n + 12. Let t be b(-10). Let l be p(t). Suppose 2*s - l = 31. What is the highest common factor of 2 and s?
2
Let f = 3748 + -2612. Calculate the greatest common divisor of 32 and f.
16
Let g be 10*(0 - (-4)/5). Suppose 7*t = -4*s + 760, -48*s + 46*s = 4*t - 432. Calculate the highest common factor of g and t.
8
Let b = -735 - -833. Calculate the highest common factor of b and 1